{"id":1254,"date":"2018-04-26T06:45:32","date_gmt":"2018-04-26T04:45:32","guid":{"rendered":"https:\/\/www.busclassic.org\/?page_id=1254"},"modified":"2025-06-13T16:34:47","modified_gmt":"2025-06-13T14:34:47","slug":"organitzacio","status":"publish","type":"page","link":"https:\/\/www.busclassic.org\/ca\/organitzacio\/","title":{"rendered":"L&#8217;organitzaci\u00f3"},"content":{"rendered":"\n<div class=\"wp-block-columns is-layout-flex wp-container-core-columns-is-layout-28f84493 wp-block-columns-is-layout-flex\">\n<div class=\"wp-block-column is-layout-flow wp-block-column-is-layout-flow\">\n<p>A l&#8217;Exposici\u00f3 d&#8217;Autobusos Cl\u00e0ssics de Barcelona hi participen, any rere any i des del 2010, un bon grapat de vehicles de diferents \u00e8poques i curosament restaurats. Aquest esdeveniment t\u00e9 lloc a l\u2019Avinguda Maria Cristina de Barcelona. En conjunt \u00e9s un esdeveniment esperat per molts aficionats i una oportunitat \u00fanica per reviure la hist\u00f2ria del nostre transport p\u00fablic de superf\u00edcie.<\/p>\n\n\n\n<figure class=\"wp-block-image aligncenter size-large\"><img loading=\"lazy\" decoding=\"async\" width=\"1024\" height=\"576\" src=\"https:\/\/www.busclassic.org\/wp-content\/uploads\/2024\/08\/tmb240601_PH_177-edited-1024x576.jpg\" alt=\"\" class=\"wp-image-4609\" style=\"aspect-ratio:16\/9;object-fit:contain\" srcset=\"https:\/\/www.busclassic.org\/wp-content\/uploads\/2024\/08\/tmb240601_PH_177-edited-1024x576.jpg 1024w, https:\/\/www.busclassic.org\/wp-content\/uploads\/2024\/08\/tmb240601_PH_177-edited-300x169.jpg 300w, https:\/\/www.busclassic.org\/wp-content\/uploads\/2024\/08\/tmb240601_PH_177-edited-768x432.jpg 768w, https:\/\/www.busclassic.org\/wp-content\/uploads\/2024\/08\/tmb240601_PH_177-edited-1536x864.jpg 1536w, https:\/\/www.busclassic.org\/wp-content\/uploads\/2024\/08\/tmb240601_PH_177-edited-2048x1152.jpg 2048w, https:\/\/www.busclassic.org\/wp-content\/uploads\/2024\/08\/tmb240601_PH_177-edited-1000x563.jpg 1000w, https:\/\/www.busclassic.org\/wp-content\/uploads\/2024\/08\/tmb240601_PH_177-edited-230x129.jpg 230w, https:\/\/www.busclassic.org\/wp-content\/uploads\/2024\/08\/tmb240601_PH_177-edited-350x197.jpg 350w, https:\/\/www.busclassic.org\/wp-content\/uploads\/2024\/08\/tmb240601_PH_177-edited-480x270.jpg 480w\" sizes=\"auto, (max-width: 1024px) 100vw, 1024px\" \/><\/figure>\n\n\n\n<p>Els anys passats des del 2010 no s\u00f3n molts si els comparem amb una hist\u00f2ria m\u00e9s que centen\u00e0ria lligada a l\u2019evoluci\u00f3 de les nostres ciutats, per\u00f2 representen una fita important per a totes les persones que organitzen l\u2019esdeveniment de forma desinteressada i amb la il\u00b7lusi\u00f3 de salvaguardar i difondre aquest patrimoni hist\u00f2ric, cultural i social, que \u00e9s tamb\u00e9 mem\u00f2ria viva i una part important dels nostres valors.<\/p>\n\n\n\n<div class=\"wp-block-columns is-layout-flex wp-container-core-columns-is-layout-28f84493 wp-block-columns-is-layout-flex\">\n<div class=\"wp-block-column is-layout-flow wp-block-column-is-layout-flow\">\n<figure class=\"wp-block-image aligncenter size-large\"><img loading=\"lazy\" decoding=\"async\" width=\"1024\" height=\"576\" src=\"https:\/\/www.busclassic.org\/wp-content\/uploads\/2024\/08\/tmb240601_PH_190-edited-1024x576.jpg\" alt=\"\" class=\"wp-image-4610\" style=\"object-fit:cover\" srcset=\"https:\/\/www.busclassic.org\/wp-content\/uploads\/2024\/08\/tmb240601_PH_190-edited-1024x576.jpg 1024w, https:\/\/www.busclassic.org\/wp-content\/uploads\/2024\/08\/tmb240601_PH_190-edited-300x169.jpg 300w, https:\/\/www.busclassic.org\/wp-content\/uploads\/2024\/08\/tmb240601_PH_190-edited-768x432.jpg 768w, https:\/\/www.busclassic.org\/wp-content\/uploads\/2024\/08\/tmb240601_PH_190-edited-1536x864.jpg 1536w, https:\/\/www.busclassic.org\/wp-content\/uploads\/2024\/08\/tmb240601_PH_190-edited-2048x1152.jpg 2048w, https:\/\/www.busclassic.org\/wp-content\/uploads\/2024\/08\/tmb240601_PH_190-edited-1000x563.jpg 1000w, https:\/\/www.busclassic.org\/wp-content\/uploads\/2024\/08\/tmb240601_PH_190-edited-230x129.jpg 230w, https:\/\/www.busclassic.org\/wp-content\/uploads\/2024\/08\/tmb240601_PH_190-edited-350x197.jpg 350w, https:\/\/www.busclassic.org\/wp-content\/uploads\/2024\/08\/tmb240601_PH_190-edited-480x270.jpg 480w\" sizes=\"auto, (max-width: 1024px) 100vw, 1024px\" \/><\/figure>\n<\/div>\n\n\n\n<div class=\"wp-block-column is-layout-flow wp-block-column-is-layout-flow\">\n<figure class=\"wp-block-image aligncenter size-large\"><img loading=\"lazy\" decoding=\"async\" width=\"1024\" height=\"576\" src=\"https:\/\/www.busclassic.org\/wp-content\/uploads\/2024\/08\/tmb240602_PH_032-edited-1024x576.jpg\" alt=\"\" class=\"wp-image-4611\" style=\"object-fit:cover\" srcset=\"https:\/\/www.busclassic.org\/wp-content\/uploads\/2024\/08\/tmb240602_PH_032-edited-1024x576.jpg 1024w, https:\/\/www.busclassic.org\/wp-content\/uploads\/2024\/08\/tmb240602_PH_032-edited-300x169.jpg 300w, https:\/\/www.busclassic.org\/wp-content\/uploads\/2024\/08\/tmb240602_PH_032-edited-768x432.jpg 768w, https:\/\/www.busclassic.org\/wp-content\/uploads\/2024\/08\/tmb240602_PH_032-edited-1536x864.jpg 1536w, https:\/\/www.busclassic.org\/wp-content\/uploads\/2024\/08\/tmb240602_PH_032-edited-2048x1152.jpg 2048w, https:\/\/www.busclassic.org\/wp-content\/uploads\/2024\/08\/tmb240602_PH_032-edited-1000x563.jpg 1000w, https:\/\/www.busclassic.org\/wp-content\/uploads\/2024\/08\/tmb240602_PH_032-edited-230x129.jpg 230w, https:\/\/www.busclassic.org\/wp-content\/uploads\/2024\/08\/tmb240602_PH_032-edited-350x197.jpg 350w, https:\/\/www.busclassic.org\/wp-content\/uploads\/2024\/08\/tmb240602_PH_032-edited-480x270.jpg 480w\" sizes=\"auto, (max-width: 1024px) 100vw, 1024px\" \/><\/figure>\n<\/div>\n<\/div>\n\n\n\n<p>Esperem que aquesta jornada festiva i cultural, organitzada per l\u2019<a href=\"http:\/\/arca-bus.org\" target=\"_blank\" rel=\"noreferrer noopener\">Associaci\u00f3 per a la Recuperaci\u00f3 i Conservaci\u00f3 d\u2019Autobusos<\/a>, <a href=\"http:\/\/www.sagales.com\" target=\"_blank\" rel=\"noreferrer noopener\">Empresa Sagal\u00e9s<\/a> i la <a href=\"http:\/\/fundacio.tmb.cat\" target=\"_blank\" rel=\"noreferrer noopener\">Fundaci\u00f3 TMB<\/a>, segueixi endavant per molts anys i amb el mateix entusiasme que ha tingut sempre.<\/p>\n\n\n\n<div class=\"wp-block-columns are-vertically-aligned-center is-layout-flex wp-container-core-columns-is-layout-28f84493 wp-block-columns-is-layout-flex\">\n<div class=\"wp-block-column is-vertically-aligned-center is-layout-flow wp-block-column-is-layout-flow\">\n<figure class=\"wp-block-image aligncenter size-large\"><img loading=\"lazy\" decoding=\"async\" width=\"1024\" height=\"576\" src=\"https:\/\/www.busclassic.org\/wp-content\/uploads\/2024\/08\/tmb240602_PH_069-edited-1024x576.jpg\" alt=\"\" class=\"wp-image-4613\" style=\"object-fit:cover\" srcset=\"https:\/\/www.busclassic.org\/wp-content\/uploads\/2024\/08\/tmb240602_PH_069-edited-1024x576.jpg 1024w, https:\/\/www.busclassic.org\/wp-content\/uploads\/2024\/08\/tmb240602_PH_069-edited-300x169.jpg 300w, https:\/\/www.busclassic.org\/wp-content\/uploads\/2024\/08\/tmb240602_PH_069-edited-768x432.jpg 768w, https:\/\/www.busclassic.org\/wp-content\/uploads\/2024\/08\/tmb240602_PH_069-edited-1536x864.jpg 1536w, https:\/\/www.busclassic.org\/wp-content\/uploads\/2024\/08\/tmb240602_PH_069-edited-2048x1152.jpg 2048w, https:\/\/www.busclassic.org\/wp-content\/uploads\/2024\/08\/tmb240602_PH_069-edited-1000x563.jpg 1000w, https:\/\/www.busclassic.org\/wp-content\/uploads\/2024\/08\/tmb240602_PH_069-edited-230x129.jpg 230w, https:\/\/www.busclassic.org\/wp-content\/uploads\/2024\/08\/tmb240602_PH_069-edited-350x197.jpg 350w, https:\/\/www.busclassic.org\/wp-content\/uploads\/2024\/08\/tmb240602_PH_069-edited-480x270.jpg 480w\" sizes=\"auto, (max-width: 1024px) 100vw, 1024px\" \/><\/figure>\n<\/div>\n\n\n\n<div class=\"wp-block-column is-vertically-aligned-center is-layout-flow wp-block-column-is-layout-flow\">\n<figure class=\"wp-block-image aligncenter size-full is-resized\"><img loading=\"lazy\" decoding=\"async\" width=\"445\" height=\"250\" src=\"https:\/\/www.busclassic.org\/wp-content\/uploads\/2024\/08\/tripartit-edited.png\" alt=\"\" class=\"wp-image-4614\" style=\"aspect-ratio:16\/9;object-fit:cover;width:768px\" srcset=\"https:\/\/www.busclassic.org\/wp-content\/uploads\/2024\/08\/tripartit-edited.png 445w, https:\/\/www.busclassic.org\/wp-content\/uploads\/2024\/08\/tripartit-edited-300x169.png 300w, https:\/\/www.busclassic.org\/wp-content\/uploads\/2024\/08\/tripartit-edited-230x129.png 230w, https:\/\/www.busclassic.org\/wp-content\/uploads\/2024\/08\/tripartit-edited-350x197.png 350w\" sizes=\"auto, (max-width: 445px) 100vw, 445px\" \/><\/figure>\n<\/div>\n<\/div>\n<\/div>\n<\/div>\n\n\n\n<p><\/p>\n","protected":false},"excerpt":{"rendered":"<p>Des de 2010, prop d\u2019una trentena d\u2019autobusos hist\u00f2rics restaurats participen cada any a l\u2019Avinguda Maria Cristina de Barcelona, oferint als aficionats una oportunitat \u00fanica per reviure la hist\u00f2ria del transport p\u00fablic de superf\u00edcie.<\/p>\n","protected":false},"author":2,"featured_media":4603,"parent":0,"menu_order":0,"comment_status":"closed","ping_status":"closed","template":"page-templates\/page_fullwidth.php","meta":{"_exactmetrics_skip_tracking":false,"_exactmetrics_sitenote_active":false,"_exactmetrics_sitenote_note":"","_exactmetrics_sitenote_category":0,"footnotes":""},"class_list":["post-1254","page","type-page","status-publish","has-post-thumbnail","hentry"],"mb":[],"mfb_rest_fields":["title"],"_links":{"self":[{"href":"https:\/\/www.busclassic.org\/ca\/wp-json\/wp\/v2\/pages\/1254","targetHints":{"allow":["GET"]}}],"collection":[{"href":"https:\/\/www.busclassic.org\/ca\/wp-json\/wp\/v2\/pages"}],"about":[{"href":"https:\/\/www.busclassic.org\/ca\/wp-json\/wp\/v2\/types\/page"}],"author":[{"embeddable":true,"href":"https:\/\/www.busclassic.org\/ca\/wp-json\/wp\/v2\/users\/2"}],"replies":[{"embeddable":true,"href":"https:\/\/www.busclassic.org\/ca\/wp-json\/wp\/v2\/comments?post=1254"}],"version-history":[{"count":98,"href":"https:\/\/www.busclassic.org\/ca\/wp-json\/wp\/v2\/pages\/1254\/revisions"}],"predecessor-version":[{"id":4886,"href":"https:\/\/www.busclassic.org\/ca\/wp-json\/wp\/v2\/pages\/1254\/revisions\/4886"}],"wp:featuredmedia":[{"embeddable":true,"href":"https:\/\/www.busclassic.org\/ca\/wp-json\/wp\/v2\/media\/4603"}],"wp:attachment":[{"href":"https:\/\/www.busclassic.org\/ca\/wp-json\/wp\/v2\/media?parent=1254"}],"curies":[{"name":"wp","href":"https:\/\/api.w.org\/{rel}","templated":true}]}}

L&#8217;organització

<div class="wp-block-columns is-layout-flex wp-container-core-columns-is-layout-28f84493 wp-block-columns-is-layout-flex">
<div class="wp-block-column is-layout-flow wp-block-column-is-layout-flow">
<p>A l&#8217;Exposició d&#8217;Autobusos Clàssics de Barcelona hi participen, any rere any i des del 2010, un bon grapat de vehicles de diferents èpoques i curosament restaurats. Aquest esdeveniment té lloc a l’Avinguda Maria Cristina de Barcelona. En conjunt és un esdeveniment esperat per molts aficionats i una oportunitat única per reviure la història del nostre transport públic de superfície.</p>



<figure class="wp-block-image aligncenter size-large"><img loading="lazy" decoding="async" width="1024" height="576" src="https://www.busclassic.org/wp-content/uploads/2024/08/tmb240601_PH_177-edited-1024x576.jpg" alt="" class="wp-image-4609" style="aspect-ratio:16/9;object-fit:contain" srcset="https://www.busclassic.org/wp-content/uploads/2024/08/tmb240601_PH_177-edited-1024x576.jpg 1024w, https://www.busclassic.org/wp-content/uploads/2024/08/tmb240601_PH_177-edited-300x169.jpg 300w, https://www.busclassic.org/wp-content/uploads/2024/08/tmb240601_PH_177-edited-768x432.jpg 768w, https://www.busclassic.org/wp-content/uploads/2024/08/tmb240601_PH_177-edited-1536x864.jpg 1536w, https://www.busclassic.org/wp-content/uploads/2024/08/tmb240601_PH_177-edited-2048x1152.jpg 2048w, https://www.busclassic.org/wp-content/uploads/2024/08/tmb240601_PH_177-edited-1000x563.jpg 1000w, https://www.busclassic.org/wp-content/uploads/2024/08/tmb240601_PH_177-edited-230x129.jpg 230w, https://www.busclassic.org/wp-content/uploads/2024/08/tmb240601_PH_177-edited-350x197.jpg 350w, https://www.busclassic.org/wp-content/uploads/2024/08/tmb240601_PH_177-edited-480x270.jpg 480w" sizes="auto, (max-width: 1024px) 100vw, 1024px" /></figure>



<p>Els anys passats des del 2010 no són molts si els comparem amb una història més que centenària lligada a l’evolució de les nostres ciutats, però representen una fita important per a totes les persones que organitzen l’esdeveniment de forma desinteressada i amb la il·lusió de salvaguardar i difondre aquest patrimoni històric, cultural i social, que és també memòria viva i una part important dels nostres valors.</p>



<div class="wp-block-columns is-layout-flex wp-container-core-columns-is-layout-28f84493 wp-block-columns-is-layout-flex">
<div class="wp-block-column is-layout-flow wp-block-column-is-layout-flow">
<figure class="wp-block-image aligncenter size-large"><img loading="lazy" decoding="async" width="1024" height="576" src="https://www.busclassic.org/wp-content/uploads/2024/08/tmb240601_PH_190-edited-1024x576.jpg" alt="" class="wp-image-4610" style="object-fit:cover" srcset="https://www.busclassic.org/wp-content/uploads/2024/08/tmb240601_PH_190-edited-1024x576.jpg 1024w, https://www.busclassic.org/wp-content/uploads/2024/08/tmb240601_PH_190-edited-300x169.jpg 300w, https://www.busclassic.org/wp-content/uploads/2024/08/tmb240601_PH_190-edited-768x432.jpg 768w, https://www.busclassic.org/wp-content/uploads/2024/08/tmb240601_PH_190-edited-1536x864.jpg 1536w, https://www.busclassic.org/wp-content/uploads/2024/08/tmb240601_PH_190-edited-2048x1152.jpg 2048w, https://www.busclassic.org/wp-content/uploads/2024/08/tmb240601_PH_190-edited-1000x563.jpg 1000w, https://www.busclassic.org/wp-content/uploads/2024/08/tmb240601_PH_190-edited-230x129.jpg 230w, https://www.busclassic.org/wp-content/uploads/2024/08/tmb240601_PH_190-edited-350x197.jpg 350w, https://www.busclassic.org/wp-content/uploads/2024/08/tmb240601_PH_190-edited-480x270.jpg 480w" sizes="auto, (max-width: 1024px) 100vw, 1024px" /></figure>
</div>



<div class="wp-block-column is-layout-flow wp-block-column-is-layout-flow">
<figure class="wp-block-image aligncenter size-large"><img loading="lazy" decoding="async" width="1024" height="576" src="https://www.busclassic.org/wp-content/uploads/2024/08/tmb240602_PH_032-edited-1024x576.jpg" alt="" class="wp-image-4611" style="object-fit:cover" srcset="https://www.busclassic.org/wp-content/uploads/2024/08/tmb240602_PH_032-edited-1024x576.jpg 1024w, https://www.busclassic.org/wp-content/uploads/2024/08/tmb240602_PH_032-edited-300x169.jpg 300w, https://www.busclassic.org/wp-content/uploads/2024/08/tmb240602_PH_032-edited-768x432.jpg 768w, https://www.busclassic.org/wp-content/uploads/2024/08/tmb240602_PH_032-edited-1536x864.jpg 1536w, https://www.busclassic.org/wp-content/uploads/2024/08/tmb240602_PH_032-edited-2048x1152.jpg 2048w, https://www.busclassic.org/wp-content/uploads/2024/08/tmb240602_PH_032-edited-1000x563.jpg 1000w, https://www.busclassic.org/wp-content/uploads/2024/08/tmb240602_PH_032-edited-230x129.jpg 230w, https://www.busclassic.org/wp-content/uploads/2024/08/tmb240602_PH_032-edited-350x197.jpg 350w, https://www.busclassic.org/wp-content/uploads/2024/08/tmb240602_PH_032-edited-480x270.jpg 480w" sizes="auto, (max-width: 1024px) 100vw, 1024px" /></figure>
</div>
</div>



<p>Esperem que aquesta jornada festiva i cultural, organitzada per l’<a href="http://arca-bus.org" target="_blank" rel="noreferrer noopener">Associació per a la Recuperació i Conservació d’Autobusos</a>, <a href="http://www.sagales.com" target="_blank" rel="noreferrer noopener">Empresa Sagalés</a> i la <a href="http://fundacio.tmb.cat" target="_blank" rel="noreferrer noopener">Fundació TMB</a>, segueixi endavant per molts anys i amb el mateix entusiasme que ha tingut sempre.</p>



<div class="wp-block-columns are-vertically-aligned-center is-layout-flex wp-container-core-columns-is-layout-28f84493 wp-block-columns-is-layout-flex">
<div class="wp-block-column is-vertically-aligned-center is-layout-flow wp-block-column-is-layout-flow">
<figure class="wp-block-image aligncenter size-large"><img loading="lazy" decoding="async" width="1024" height="576" src="https://www.busclassic.org/wp-content/uploads/2024/08/tmb240602_PH_069-edited-1024x576.jpg" alt="" class="wp-image-4613" style="object-fit:cover" srcset="https://www.busclassic.org/wp-content/uploads/2024/08/tmb240602_PH_069-edited-1024x576.jpg 1024w, https://www.busclassic.org/wp-content/uploads/2024/08/tmb240602_PH_069-edited-300x169.jpg 300w, https://www.busclassic.org/wp-content/uploads/2024/08/tmb240602_PH_069-edited-768x432.jpg 768w, https://www.busclassic.org/wp-content/uploads/2024/08/tmb240602_PH_069-edited-1536x864.jpg 1536w, https://www.busclassic.org/wp-content/uploads/2024/08/tmb240602_PH_069-edited-2048x1152.jpg 2048w, https://www.busclassic.org/wp-content/uploads/2024/08/tmb240602_PH_069-edited-1000x563.jpg 1000w, https://www.busclassic.org/wp-content/uploads/2024/08/tmb240602_PH_069-edited-230x129.jpg 230w, https://www.busclassic.org/wp-content/uploads/2024/08/tmb240602_PH_069-edited-350x197.jpg 350w, https://www.busclassic.org/wp-content/uploads/2024/08/tmb240602_PH_069-edited-480x270.jpg 480w" sizes="auto, (max-width: 1024px) 100vw, 1024px" /></figure>
</div>



<div class="wp-block-column is-vertically-aligned-center is-layout-flow wp-block-column-is-layout-flow">
<figure class="wp-block-image aligncenter size-full is-resized"><img loading="lazy" decoding="async" width="445" height="250" src="https://www.busclassic.org/wp-content/uploads/2024/08/tripartit-edited.png" alt="" class="wp-image-4614" style="aspect-ratio:16/9;object-fit:cover;width:768px" srcset="https://www.busclassic.org/wp-content/uploads/2024/08/tripartit-edited.png 445w, https://www.busclassic.org/wp-content/uploads/2024/08/tripartit-edited-300x169.png 300w, https://www.busclassic.org/wp-content/uploads/2024/08/tripartit-edited-230x129.png 230w, https://www.busclassic.org/wp-content/uploads/2024/08/tripartit-edited-350x197.png 350w" sizes="auto, (max-width: 445px) 100vw, 445px" /></figure>
</div>
</div>
</div>
</div>



<p></p>

<p>Des de 2010, prop d’una trentena d’autobusos històrics restaurats participen cada any a l’Avinguda Maria Cristina de Barcelona, oferint als aficionats una oportunitat única per reviure la història del transport públic de superfície.</p>
