{"id":1287,"date":"2018-04-26T06:51:08","date_gmt":"2018-04-26T04:51:08","guid":{"rendered":"https:\/\/www.busclassic.org\/?page_id=1287"},"modified":"2025-06-13T18:37:48","modified_gmt":"2025-06-13T16:37:48","slug":"historia-ralli","status":"publish","type":"page","link":"https:\/\/www.busclassic.org\/ca\/historia-ralli\/","title":{"rendered":"Hist\u00f2ria"},"content":{"rendered":"\n<h3 class=\"wp-block-heading\">L&#8217;Exposici\u00f3 d\u2019Autobusos Cl\u00e0ssics de Barcelona neix dels esfor\u00e7os conjunts de l\u2019empresa Sagal\u00e9s, la Fundaci\u00f3 TMB i l\u2019Associaci\u00f3 per a la Recuperaci\u00f3 i Conservaci\u00f3 d\u2019Autobusos (ARCA).<\/h3>\n\n\n\n<p>Es pret\u00e9n revalorar el patrimoni i la hist\u00f2ria del transport col\u00b7lectiu urb\u00e0 i suburb\u00e0 de superf\u00edcie. Com a posse\u00efdors de material hist\u00f2ric i d\u2019implicaci\u00f3 en la seva preservaci\u00f3, conservaci\u00f3 i restauraci\u00f3 a partir de tres cultures diferents (empresa p\u00fablica, empresa privada i associaci\u00f3 de voluntaris) es treballa amb l\u2019objectiu de donar a con\u00e8ixer al p\u00fablic, perqu\u00e8 gaudeixi d\u2019un material que, pel fet d\u2019haver estat transport col\u00b7lectiu, ha format part de la vida de molts ciutadans.<\/p>\n\n\n\n<p>El treball en equip dels organitzadors va donar lloc el 2010 a la primera edici\u00f3 d\u2019un esdeveniment sense refer\u00e8ncies similars a la Pen\u00ednsula Ib\u00e8rica, amb continu\u00eftat ininterrompuda fins aquesta 11a edici\u00f3, adquirint el caire d\u2019internacional pels participants estrangers, ampliant cada any el nombre d\u2019activitats colaterals i sobretot, amb m\u00e9s vehicles participants en cada edici\u00f3.<\/p>\n\n\n\n<figure class=\"wp-block-image aligncenter\"><img loading=\"lazy\" decoding=\"async\" width=\"1024\" height=\"680\" src=\"https:\/\/www.busclassic.org\/wp-content\/uploads\/2018\/04\/3-1024x680.jpg\" alt=\"\" class=\"wp-image-716\" srcset=\"https:\/\/www.busclassic.org\/wp-content\/uploads\/2018\/04\/3-1024x680.jpg 1024w, https:\/\/www.busclassic.org\/wp-content\/uploads\/2018\/04\/3-300x199.jpg 300w, https:\/\/www.busclassic.org\/wp-content\/uploads\/2018\/04\/3-768x510.jpg 768w, https:\/\/www.busclassic.org\/wp-content\/uploads\/2018\/04\/3-830x551.jpg 830w, https:\/\/www.busclassic.org\/wp-content\/uploads\/2018\/04\/3-230x153.jpg 230w, https:\/\/www.busclassic.org\/wp-content\/uploads\/2018\/04\/3-350x232.jpg 350w, https:\/\/www.busclassic.org\/wp-content\/uploads\/2018\/04\/3-480x319.jpg 480w, https:\/\/www.busclassic.org\/wp-content\/uploads\/2018\/04\/3-272x182.jpg 272w\" sizes=\"auto, (max-width: 1024px) 100vw, 1024px\" \/><\/figure>\n\n\n\n<p><\/p>\n","protected":false},"excerpt":{"rendered":"<p>Des del 2010, professionals i voluntaris ofereixen una exposici\u00f3 que revaloritza el patrimoni del transport col\u00b7lectiu urb\u00e0 i suburb\u00e0 amb vehicles restaurats i activitats.<\/p>\n","protected":false},"author":2,"featured_media":0,"parent":0,"menu_order":0,"comment_status":"closed","ping_status":"closed","template":"page-templates\/page_fullwidth.php","meta":{"_exactmetrics_skip_tracking":false,"_exactmetrics_sitenote_active":false,"_exactmetrics_sitenote_note":"","_exactmetrics_sitenote_category":0,"footnotes":""},"class_list":["post-1287","page","type-page","status-publish","hentry"],"mb":[],"mfb_rest_fields":["title"],"_links":{"self":[{"href":"https:\/\/www.busclassic.org\/ca\/wp-json\/wp\/v2\/pages\/1287","targetHints":{"allow":["GET"]}}],"collection":[{"href":"https:\/\/www.busclassic.org\/ca\/wp-json\/wp\/v2\/pages"}],"about":[{"href":"https:\/\/www.busclassic.org\/ca\/wp-json\/wp\/v2\/types\/page"}],"author":[{"embeddable":true,"href":"https:\/\/www.busclassic.org\/ca\/wp-json\/wp\/v2\/users\/2"}],"replies":[{"embeddable":true,"href":"https:\/\/www.busclassic.org\/ca\/wp-json\/wp\/v2\/comments?post=1287"}],"version-history":[{"count":20,"href":"https:\/\/www.busclassic.org\/ca\/wp-json\/wp\/v2\/pages\/1287\/revisions"}],"predecessor-version":[{"id":4900,"href":"https:\/\/www.busclassic.org\/ca\/wp-json\/wp\/v2\/pages\/1287\/revisions\/4900"}],"wp:attachment":[{"href":"https:\/\/www.busclassic.org\/ca\/wp-json\/wp\/v2\/media?parent=1287"}],"curies":[{"name":"wp","href":"https:\/\/api.w.org\/{rel}","templated":true}]}}

Història

<h3 class="wp-block-heading">L&#8217;Exposició d’Autobusos Clàssics de Barcelona neix dels esforços conjunts de l’empresa Sagalés, la Fundació TMB i l’Associació per a la Recuperació i Conservació d’Autobusos (ARCA).</h3>



<p>Es pretén revalorar el patrimoni i la història del transport col·lectiu urbà i suburbà de superfície. Com a posseïdors de material històric i d’implicació en la seva preservació, conservació i restauració a partir de tres cultures diferents (empresa pública, empresa privada i associació de voluntaris) es treballa amb l’objectiu de donar a conèixer al públic, perquè gaudeixi d’un material que, pel fet d’haver estat transport col·lectiu, ha format part de la vida de molts ciutadans.</p>



<p>El treball en equip dels organitzadors va donar lloc el 2010 a la primera edició d’un esdeveniment sense referències similars a la Península Ibèrica, amb continuïtat ininterrompuda fins aquesta 11a edició, adquirint el caire d’internacional pels participants estrangers, ampliant cada any el nombre d’activitats colaterals i sobretot, amb més vehicles participants en cada edició.</p>



<figure class="wp-block-image aligncenter"><img loading="lazy" decoding="async" width="1024" height="680" src="https://www.busclassic.org/wp-content/uploads/2018/04/3-1024x680.jpg" alt="" class="wp-image-716" srcset="https://www.busclassic.org/wp-content/uploads/2018/04/3-1024x680.jpg 1024w, https://www.busclassic.org/wp-content/uploads/2018/04/3-300x199.jpg 300w, https://www.busclassic.org/wp-content/uploads/2018/04/3-768x510.jpg 768w, https://www.busclassic.org/wp-content/uploads/2018/04/3-830x551.jpg 830w, https://www.busclassic.org/wp-content/uploads/2018/04/3-230x153.jpg 230w, https://www.busclassic.org/wp-content/uploads/2018/04/3-350x232.jpg 350w, https://www.busclassic.org/wp-content/uploads/2018/04/3-480x319.jpg 480w, https://www.busclassic.org/wp-content/uploads/2018/04/3-272x182.jpg 272w" sizes="auto, (max-width: 1024px) 100vw, 1024px" /></figure>



<p></p>

<p>Des del 2010, professionals i voluntaris ofereixen una exposició que revaloritza el patrimoni del transport col·lectiu urbà i suburbà amb vehicles restaurats i activitats.</p>
