{"id":1254,"date":"2018-04-26T06:45:32","date_gmt":"2018-04-26T04:45:32","guid":{"rendered":"https:\/\/www.busclassic.org\/?page_id=1254"},"modified":"2025-06-13T16:34:47","modified_gmt":"2025-06-13T14:34:47","slug":"organitzacio","status":"publish","type":"page","link":"https:\/\/www.busclassic.org\/de\/organisation\/","title":{"rendered":"Die Organisation"},"content":{"rendered":"<div class=\"wp-block-columns is-layout-flex wp-container-core-columns-is-layout-28f84493 wp-block-columns-is-layout-flex\">\n<div class=\"wp-block-column is-layout-flow wp-block-column-is-layout-flow\">\n<p>An der Ausstellung klassischer Busse in Barcelona nehmen seit 2010 jedes Jahr zahlreiche Fahrzeuge aus verschiedenen Epochen teil, die sorgf\u00e4ltig restauriert wurden. Die Veranstaltung findet auf der Avinguda Maria Cristina in Barcelona statt. Insgesamt ist es ein von vielen Liebhabern erwartetes Ereignis und eine einmalige Gelegenheit, die Geschichte unseres \u00f6ffentlichen Nahverkehrs auf der Stra\u00dfe neu zu erleben.<\/p>\n\n\n\n<figure class=\"wp-block-image aligncenter size-large\"><img loading=\"lazy\" decoding=\"async\" width=\"1024\" height=\"576\" src=\"https:\/\/www.busclassic.org\/wp-content\/uploads\/2024\/08\/tmb240601_PH_177-edited-1024x576.jpg\" alt=\"\" class=\"wp-image-4609\" style=\"aspect-ratio:16\/9;object-fit:contain\" srcset=\"\" sizes=\"auto, (max-width: 1024px) 100vw, 1024px\" data-srcset=\"\" \/><\/figure>\n\n\n\n<p>Die Jahre seit 2010 sind nicht viele, wenn man sie mit einer \u00fcber hundertj\u00e4hrigen Geschichte vergleicht, die eng mit der Entwicklung unserer St\u00e4dte verbunden ist. Dennoch stellen sie einen wichtigen Meilenstein f\u00fcr all jene dar, die die Veranstaltung uneigenn\u00fctzig organisieren \u2013 mit der Motivation, dieses historische, kulturelle und gesellschaftliche Erbe zu bewahren und weiterzugeben. Es ist lebendige Erinnerung und ein bedeutender Teil unserer Werte.<\/p>\n\n\n\n<div class=\"wp-block-columns is-layout-flex wp-container-core-columns-is-layout-28f84493 wp-block-columns-is-layout-flex\">\n<div class=\"wp-block-column is-layout-flow wp-block-column-is-layout-flow\">\n<figure class=\"wp-block-image aligncenter size-large\"><img loading=\"lazy\" decoding=\"async\" width=\"1024\" height=\"576\" src=\"https:\/\/www.busclassic.org\/wp-content\/uploads\/2024\/08\/tmb240601_PH_190-edited-1024x576.jpg\" alt=\"\" class=\"wp-image-4610\" style=\"object-fit:cover\" srcset=\"\" sizes=\"auto, (max-width: 1024px) 100vw, 1024px\" data-srcset=\"\" \/><\/figure>\n<\/div>\n\n\n\n<div class=\"wp-block-column is-layout-flow wp-block-column-is-layout-flow\">\n<figure class=\"wp-block-image aligncenter size-large\"><img loading=\"lazy\" decoding=\"async\" width=\"1024\" height=\"576\" src=\"https:\/\/www.busclassic.org\/wp-content\/uploads\/2024\/08\/tmb240602_PH_032-edited-1024x576.jpg\" alt=\"\" class=\"wp-image-4611\" style=\"object-fit:cover\" srcset=\"\" sizes=\"auto, (max-width: 1024px) 100vw, 1024px\" data-srcset=\"\" \/><\/figure>\n<\/div>\n<\/div>\n\n\n\n<p class=\"translation-block\">Wir hoffen, dass diese festliche und kulturelle Veranstaltung, organisiert von der <a href=\"http:\/\/arca-bus.org\" target=\"_blank\" rel=\"noreferrer noopener\">Vereinigung zur Wiederherstellung und Erhaltung von Omnibussen<\/a>, dem <a href=\"http:\/\/www.sagales.com\" target=\"_blank\" rel=\"noreferrer noopener\">Unternehmen Sagal\u00e9s<\/a> und der <a href=\"http:\/\/fundacio.tmb.cat\" target=\"_blank\" rel=\"noreferrer noopener\">TMB-Stiftung<\/a>, noch viele Jahre mit dem gleichen Enthusiasmus weitergef\u00fchrt wird wie bisher.<\/p>\n\n\n\n<div class=\"wp-block-columns are-vertically-aligned-center is-layout-flex wp-container-core-columns-is-layout-28f84493 wp-block-columns-is-layout-flex\">\n<div class=\"wp-block-column is-vertically-aligned-center is-layout-flow wp-block-column-is-layout-flow\">\n<figure class=\"wp-block-image aligncenter size-large\"><img loading=\"lazy\" decoding=\"async\" width=\"1024\" height=\"576\" src=\"https:\/\/www.busclassic.org\/wp-content\/uploads\/2024\/08\/tmb240602_PH_069-edited-1024x576.jpg\" alt=\"\" class=\"wp-image-4613\" style=\"object-fit:cover\" srcset=\"\" sizes=\"auto, (max-width: 1024px) 100vw, 1024px\" data-srcset=\"\" \/><\/figure>\n<\/div>\n\n\n\n<div class=\"wp-block-column is-vertically-aligned-center is-layout-flow wp-block-column-is-layout-flow\">\n<figure class=\"wp-block-image aligncenter size-full is-resized\"><img loading=\"lazy\" decoding=\"async\" width=\"445\" height=\"250\" src=\"https:\/\/www.busclassic.org\/wp-content\/uploads\/2024\/08\/tripartit-edited.png\" alt=\"\" class=\"wp-image-4614\" style=\"aspect-ratio:16\/9;object-fit:cover;width:768px\" srcset=\"https:\/\/www.busclassic.org\/wp-content\/uploads\/2024\/08\/tripartit-edited.png 445w, https:\/\/www.busclassic.org\/wp-content\/uploads\/2024\/08\/tripartit-edited-300x169.png 300w, https:\/\/www.busclassic.org\/wp-content\/uploads\/2024\/08\/tripartit-edited-230x129.png 230w, https:\/\/www.busclassic.org\/wp-content\/uploads\/2024\/08\/tripartit-edited-350x197.png 350w\" sizes=\"auto, (max-width: 445px) 100vw, 445px\" \/><\/figure>\n<\/div>\n<\/div>\n<\/div>\n<\/div>\n\n\n\n<p><\/p>","protected":false},"excerpt":{"rendered":"<p>Seit 2010 nehmen j\u00e4hrlich rund drei\u00dfig sorgf\u00e4ltig restaurierte historische Busse an der Avenida Maria Cristina in Barcelona teil und bieten Liebhabern die einmalige Gelegenheit, die Geschichte des \u00f6ffentlichen Nahverkehrs auf der Stra\u00dfe neu zu erleben.<\/p>","protected":false},"author":2,"featured_media":4603,"parent":0,"menu_order":0,"comment_status":"closed","ping_status":"closed","template":"page-templates\/page_fullwidth.php","meta":{"_exactmetrics_skip_tracking":false,"_exactmetrics_sitenote_active":false,"_exactmetrics_sitenote_note":"","_exactmetrics_sitenote_category":0,"footnotes":""},"class_list":["post-1254","page","type-page","status-publish","has-post-thumbnail","hentry"],"mb":[],"mfb_rest_fields":["title"],"_links":{"self":[{"href":"https:\/\/www.busclassic.org\/de\/wp-json\/wp\/v2\/pages\/1254","targetHints":{"allow":["GET"]}}],"collection":[{"href":"https:\/\/www.busclassic.org\/de\/wp-json\/wp\/v2\/pages"}],"about":[{"href":"https:\/\/www.busclassic.org\/de\/wp-json\/wp\/v2\/types\/page"}],"author":[{"embeddable":true,"href":"https:\/\/www.busclassic.org\/de\/wp-json\/wp\/v2\/users\/2"}],"replies":[{"embeddable":true,"href":"https:\/\/www.busclassic.org\/de\/wp-json\/wp\/v2\/comments?post=1254"}],"version-history":[{"count":98,"href":"https:\/\/www.busclassic.org\/de\/wp-json\/wp\/v2\/pages\/1254\/revisions"}],"predecessor-version":[{"id":4886,"href":"https:\/\/www.busclassic.org\/de\/wp-json\/wp\/v2\/pages\/1254\/revisions\/4886"}],"wp:featuredmedia":[{"embeddable":true,"href":"https:\/\/www.busclassic.org\/de\/wp-json\/wp\/v2\/media\/4603"}],"wp:attachment":[{"href":"https:\/\/www.busclassic.org\/de\/wp-json\/wp\/v2\/media?parent=1254"}],"curies":[{"name":"wp","href":"https:\/\/api.w.org\/{rel}","templated":true}]}}

<div class="wp-block-columns is-layout-flex wp-container-core-columns-is-layout-28f84493 wp-block-columns-is-layout-flex">
<div class="wp-block-column is-layout-flow wp-block-column-is-layout-flow">
<p>An der Ausstellung klassischer Busse in Barcelona nehmen seit 2010 jedes Jahr zahlreiche Fahrzeuge aus verschiedenen Epochen teil, die sorgfältig restauriert wurden. Die Veranstaltung findet auf der Avinguda Maria Cristina in Barcelona statt. Insgesamt ist es ein von vielen Liebhabern erwartetes Ereignis und eine einmalige Gelegenheit, die Geschichte unseres öffentlichen Nahverkehrs auf der Straße neu zu erleben.</p>



<figure class="wp-block-image aligncenter size-large"><img loading="lazy" decoding="async" width="1024" height="576" src="https://www.busclassic.org/wp-content/uploads/2024/08/tmb240601_PH_177-edited-1024x576.jpg" alt="" class="wp-image-4609" style="aspect-ratio:16/9;object-fit:contain" srcset="" sizes="auto, (max-width: 1024px) 100vw, 1024px" data-srcset="" /></figure>



<p>Die Jahre seit 2010 sind nicht viele, wenn man sie mit einer über hundertjährigen Geschichte vergleicht, die eng mit der Entwicklung unserer Städte verbunden ist. Dennoch stellen sie einen wichtigen Meilenstein für all jene dar, die die Veranstaltung uneigennützig organisieren – mit der Motivation, dieses historische, kulturelle und gesellschaftliche Erbe zu bewahren und weiterzugeben. Es ist lebendige Erinnerung und ein bedeutender Teil unserer Werte.</p>



<div class="wp-block-columns is-layout-flex wp-container-core-columns-is-layout-28f84493 wp-block-columns-is-layout-flex">
<div class="wp-block-column is-layout-flow wp-block-column-is-layout-flow">
<figure class="wp-block-image aligncenter size-large"><img loading="lazy" decoding="async" width="1024" height="576" src="https://www.busclassic.org/wp-content/uploads/2024/08/tmb240601_PH_190-edited-1024x576.jpg" alt="" class="wp-image-4610" style="object-fit:cover" srcset="" sizes="auto, (max-width: 1024px) 100vw, 1024px" data-srcset="" /></figure>
</div>



<div class="wp-block-column is-layout-flow wp-block-column-is-layout-flow">
<figure class="wp-block-image aligncenter size-large"><img loading="lazy" decoding="async" width="1024" height="576" src="https://www.busclassic.org/wp-content/uploads/2024/08/tmb240602_PH_032-edited-1024x576.jpg" alt="" class="wp-image-4611" style="object-fit:cover" srcset="" sizes="auto, (max-width: 1024px) 100vw, 1024px" data-srcset="" /></figure>
</div>
</div>



<p class="translation-block">Wir hoffen, dass diese festliche und kulturelle Veranstaltung, organisiert von der <a href="http://arca-bus.org" target="_blank" rel="noreferrer noopener">Vereinigung zur Wiederherstellung und Erhaltung von Omnibussen</a>, dem <a href="http://www.sagales.com" target="_blank" rel="noreferrer noopener">Unternehmen Sagalés</a> und der <a href="http://fundacio.tmb.cat" target="_blank" rel="noreferrer noopener">TMB-Stiftung</a>, noch viele Jahre mit dem gleichen Enthusiasmus weitergeführt wird wie bisher.</p>



<div class="wp-block-columns are-vertically-aligned-center is-layout-flex wp-container-core-columns-is-layout-28f84493 wp-block-columns-is-layout-flex">
<div class="wp-block-column is-vertically-aligned-center is-layout-flow wp-block-column-is-layout-flow">
<figure class="wp-block-image aligncenter size-large"><img loading="lazy" decoding="async" width="1024" height="576" src="https://www.busclassic.org/wp-content/uploads/2024/08/tmb240602_PH_069-edited-1024x576.jpg" alt="" class="wp-image-4613" style="object-fit:cover" srcset="" sizes="auto, (max-width: 1024px) 100vw, 1024px" data-srcset="" /></figure>
</div>



<div class="wp-block-column is-vertically-aligned-center is-layout-flow wp-block-column-is-layout-flow">
<figure class="wp-block-image aligncenter size-full is-resized"><img loading="lazy" decoding="async" width="445" height="250" src="https://www.busclassic.org/wp-content/uploads/2024/08/tripartit-edited.png" alt="" class="wp-image-4614" style="aspect-ratio:16/9;object-fit:cover;width:768px" srcset="https://www.busclassic.org/wp-content/uploads/2024/08/tripartit-edited.png 445w, https://www.busclassic.org/wp-content/uploads/2024/08/tripartit-edited-300x169.png 300w, https://www.busclassic.org/wp-content/uploads/2024/08/tripartit-edited-230x129.png 230w, https://www.busclassic.org/wp-content/uploads/2024/08/tripartit-edited-350x197.png 350w" sizes="auto, (max-width: 445px) 100vw, 445px" /></figure>
</div>
</div>
</div>
</div>



<p></p>

<p>Seit 2010 nehmen jährlich rund dreißig sorgfältig restaurierte historische Busse an der Avenida Maria Cristina in Barcelona teil und bieten Liebhabern die einmalige Gelegenheit, die Geschichte des öffentlichen Nahverkehrs auf der Straße neu zu erleben.</p>
