{"id":1287,"date":"2018-04-26T06:51:08","date_gmt":"2018-04-26T04:51:08","guid":{"rendered":"https:\/\/www.busclassic.org\/?page_id=1287"},"modified":"2025-06-13T18:37:48","modified_gmt":"2025-06-13T16:37:48","slug":"historia-ralli","status":"publish","type":"page","link":"https:\/\/www.busclassic.org\/oc\/istoria-ralhi\/","title":{"rendered":"Ist\u00f2ria"},"content":{"rendered":"<h3 class=\"wp-block-heading\">Era Exposicion d\u2019Autobusos Classics de Barcelona naish des esf\u00f2rces conjunts dera enterpresa Sagal\u00e9s, era Fondacion TMB e era Associacion entara Recuperacion e Conservacion d\u2019Autobusos (ARCA).<\/h3>\n\n\n\n<p>Se v\u00f2 revalorizar eth patrim\u00f2ni e era ist\u00f2ria deth transp\u00f2rt collectiu urban e suburb\u00e0 de superf\u00edcia. Coma possessors de materiau istoric e implicadi ena sua preservacion, conservacion e restauracion a trau\u00e8s de tres cultures diferents (enterpresa publica, enterpresa privada e associacion de voluntaris), se trabalhe ent\u00e0 dar-lo a con\u00e9isher ath public ent\u00e0 qu'ac disfrute, pr'amor qu'aguest materiau, per \u00e8ster transp\u00f2rt collectiu, a format part dera vida de f\u00f2r\u00e7a ciutadans.<\/p>\n\n\n\n<p>Eth trabalh en equip des organizadors hec possible en 2010 era prum\u00e8ra edicion d\u2019un eveniment sense precedents similars ena Peninsula Iberica, damb continu\u00eftat ininterrompuda enquia aguesta 11au edicion, e damb un caract\u00e8r cada viatge m\u00e8s internacionau gr\u00e0cies as participants estrang\u00e8rs, en tot ampliar cada an eth nombre d\u2019activitats parall\u00e8les e, sustot, damb m\u00e8s ve\u00efculs participants en cada edicion.<\/p>\n\n\n\n<figure class=\"wp-block-image aligncenter\"><img loading=\"lazy\" decoding=\"async\" width=\"1024\" height=\"680\" src=\"https:\/\/www.busclassic.org\/wp-content\/uploads\/2018\/04\/3-1024x680.jpg\" alt=\"\" class=\"wp-image-716\" srcset=\"\" sizes=\"auto, (max-width: 1024px) 100vw, 1024px\" data-srcset=\"\" \/><\/figure>\n\n\n\n<p><\/p>","protected":false},"excerpt":{"rendered":"<p>Dempu\u00e8i 2010, professionaus e voluntaris au\u00e9n ua exposicion qu\u2019envalua eth patrim\u00f2ni deth transp\u00f2rt collectiu urban e suburb\u00e0 damb ve\u00efculs restauradi e activitats.<\/p>","protected":false},"author":2,"featured_media":0,"parent":0,"menu_order":0,"comment_status":"closed","ping_status":"closed","template":"page-templates\/page_fullwidth.php","meta":{"_exactmetrics_skip_tracking":false,"_exactmetrics_sitenote_active":false,"_exactmetrics_sitenote_note":"","_exactmetrics_sitenote_category":0,"footnotes":""},"class_list":["post-1287","page","type-page","status-publish","hentry"],"mb":[],"mfb_rest_fields":["title"],"_links":{"self":[{"href":"https:\/\/www.busclassic.org\/oc\/wp-json\/wp\/v2\/pages\/1287","targetHints":{"allow":["GET"]}}],"collection":[{"href":"https:\/\/www.busclassic.org\/oc\/wp-json\/wp\/v2\/pages"}],"about":[{"href":"https:\/\/www.busclassic.org\/oc\/wp-json\/wp\/v2\/types\/page"}],"author":[{"embeddable":true,"href":"https:\/\/www.busclassic.org\/oc\/wp-json\/wp\/v2\/users\/2"}],"replies":[{"embeddable":true,"href":"https:\/\/www.busclassic.org\/oc\/wp-json\/wp\/v2\/comments?post=1287"}],"version-history":[{"count":20,"href":"https:\/\/www.busclassic.org\/oc\/wp-json\/wp\/v2\/pages\/1287\/revisions"}],"predecessor-version":[{"id":4900,"href":"https:\/\/www.busclassic.org\/oc\/wp-json\/wp\/v2\/pages\/1287\/revisions\/4900"}],"wp:attachment":[{"href":"https:\/\/www.busclassic.org\/oc\/wp-json\/wp\/v2\/media?parent=1287"}],"curies":[{"name":"wp","href":"https:\/\/api.w.org\/{rel}","templated":true}]}}

Istòria

<h3 class="wp-block-heading">Era Exposicion d’Autobusos Classics de Barcelona naish des esfòrces conjunts dera enterpresa Sagalés, era Fondacion TMB e era Associacion entara Recuperacion e Conservacion d’Autobusos (ARCA).</h3>



<p>Se vò revalorizar eth patrimòni e era istòria deth transpòrt collectiu urban e suburbà de superfícia. Coma possessors de materiau istoric e implicadi ena sua preservacion, conservacion e restauracion a trauès de tres cultures diferents (enterpresa publica, enterpresa privada e associacion de voluntaris), se trabalhe entà dar-lo a conéisher ath public entà qu'ac disfrute, pr'amor qu'aguest materiau, per èster transpòrt collectiu, a format part dera vida de fòrça ciutadans.</p>



<p>Eth trabalh en equip des organizadors hec possible en 2010 era prumèra edicion d’un eveniment sense precedents similars ena Peninsula Iberica, damb continuïtat ininterrompuda enquia aguesta 11au edicion, e damb un caractèr cada viatge mès internacionau gràcies as participants estrangèrs, en tot ampliar cada an eth nombre d’activitats parallèles e, sustot, damb mès veïculs participants en cada edicion.</p>



<figure class="wp-block-image aligncenter"><img loading="lazy" decoding="async" width="1024" height="680" src="https://www.busclassic.org/wp-content/uploads/2018/04/3-1024x680.jpg" alt="" class="wp-image-716" srcset="" sizes="auto, (max-width: 1024px) 100vw, 1024px" data-srcset="" /></figure>



<p></p>

<p>Dempuèi 2010, professionaus e voluntaris auén ua exposicion qu’envalua eth patrimòni deth transpòrt collectiu urban e suburbà damb veïculs restauradi e activitats.</p>
